 is the value of 11 - ((-4 - 0) + 12 + -70 + 34)?
39
What is 69 + 0 - (-1 + 10 + -743 + 747)?
56
(-8 - 20) + 15 + (45 - -15)
47
What is the value of (21 - (-7 - (2 - -60))) + -26?
64
Calculate 0 + 1 + (7 + 9 + -10 - -6).
13
What is -61 - (76 + -94 + 1)?
-44
28 + -65 - (-11 + (31 - 17))
-40
Calculate (4 - ((-5 - -17) + 4)) + 4 + -19.
-27
Calculate (68 - 0) + -8 + (1 + -10 - (-39 + 41)).
49
Evaluate -69 - (-77 + 20) - (-5 - 0).
-7
Evaluate 36 - 60 - (1 - 19) - (-43 - 1).
38
Evaluate 21 + (-20 - 11) - (4 - 22 - 2).
10
Calculate 131 - 35 - 47 - 29.
20
What is the value of 16 + 25 + (3 - -2 - (14 + -1 + -9))?
42
Calculate (-18 - -38) + 28 - 13.
35
Evaluate (0 + (-7 - -1 - 7) - 53) + 5.
-61
-1919 + 1888 + (-2 - 40)
-73
Evaluate 68 - (-27 - 26) - 178.
-57
What is the value of -454 - -470 - (0 - -25)?
-9
28 - (0 + 14 + (-13 + 25 - 24))
26
What is the value of -159 - (62 + -186) - (-2 - -15)?
-48
Evaluate ((30 - 4) + (-26 - 29) - (1 + -2)) + -10.
-38
Calculate (0 - -4) + (97 - 29 - -34) + -19.
87
34 - -1 - (-1 - ((0 - 3) + 2))
35
What is the value of -89 + -3 - 4 - (-1580 + 1614)?
-130
What is the value of (36 - (15 - -24)) + -10 + (1 - -108) - 13?
83
-67 - (14 - (-6 - (14 + -25))) - 3
-79
What is the value of -64 + (103 + -92 - -28)?
-25
Calculate (18 - -1) + (-78 + 70 - 102).
-91
Evaluate -108 + (246 + -30 - 12).
96
14 + (12 - -4) + -172 + 19 + 9
-114
What is -7 - (-402 + 400 - (8 + 1)) - (-90 + 5)?
89
5 + (90 - (85 + 12)) + 11 + -1
8
Evaluate (12 - 14 - -11) + (0 - (2 + -3)) + -2.
8
What is -51 - (-33 + -51 - 8)?
41
Calculate 11 + 1 + (-5 - 0) - (-45 + (-9 - -23)).
38
Evaluate (67 - (177 + -98)) + (-3 - (0 + 3)).
-18
What is -11 - (6 - (23 - (18 - 12)))?
0
What is the value of (43 - (-224 - -136)) + -140?
-9
-155 + (269 - 45) + 34
103
What is the value of -18 + 30 - 12 - (25 + -42)?
17
What is 14 + (0 - -66 - (806 - 796))?
70
What is -1 + -1 + 16 - (-196 + 119 + 126)?
-35
(-3 - 0) + 1 - (0 + 7 - (-96 + 38))
-67
What is -3 + 4 - -20 - (205 + -191)?
7
Evaluate 28 + 26 + -106 + 62.
10
Calculate (-14 + 46 - 11) + -27 + -22.
-28
What is the value of -13 + (-4 - (13 - 33) - 10)?
-7
What is the value of -25 + 31 + (6 - 1 - (3 - 33))?
41
Calculate 14 - 9 - 5 - (-1 + -62) - (-534 - -538).
59
-8 + (-9 + (-13 - -2) - -13)
-15
What is the value of -90 - ((-14 - -7) + -11) - 5?
-77
-43 - (-134 + 139 + 56)
-104
Evaluate -169 + 182 + -1 + 1 + -96 + 22.
-61
Evaluate (447 - 473) + -4 + (3 - 2).
-29
Evaluate (-45 - -17 - -6) + 12.
-10
What is -110 - (5 + (9 + (7 - (7 + -2)) - 26))?
-100
What is -1 - 0 - (-11 + (-11 - -22) + 53 - 10)?
-44
What is the value of (8 - 127 - (-10 - -2 - 2 - 3)) + -7?
-113
Calculate -23 + (1 - (-5 + 2)) + -82 + 219.
118
Calculate -4 - (48 + 36 + -95).
7
-1 + 56 - (-100 + 94 + 16)
45
What is the value of (127 - 49) + -56 - 50?
-28
Calculate -142 + 44 + -3 + 59.
-42
Evaluate (-7 + 5 - 39) + (-145 - -136).
-50
What is 16 - (37 - 15 - 14 - -5)?
3
What is (1486 - 1481) + -2 + -33?
-30
What is 6 + -5 + (-1 - 5) + -1 + 41?
35
What is 74 + (-9 - ((0 - 6) + (6 - (38 - 34))))?
69
What is the value of (24 - 19 - 29 - -49) + 21?
46
What is -4 - (-5 + 3) - 19 - 5?
-26
What is -71 + 306 + -302 + 8 + 2?
-57
What is 138 - 154 - (-19 + 4)?
-1
What is the value of 31 + -9 + -50 - -33?
5
What is 82 - 46 - 31 - (0 - -2) - -14?
17
What is (-7 - 15 - -17) + 4 + 5 + -2 + 21?
23
Evaluate -7 + -11 + 7 + (48 - 40) - 47.
-50
Calculate 100 - (-141 + 55 - -112).
74
Evaluate -20 + 10 - (-5 + -11) - 41.
-35
What is the value of (-29 - (20 - 38) - -19) + 7 + 2?
17
Evaluate -89 + ((6 - (1 - 3)) + -2 - (-126 - -120)).
-77
Evaluate 21 + ((-16 - -31) + -17 - -9).
28
What is 29 - ((0 - 4) + -13 + 12 + -7)?
41
Evaluate -47 + (4 + 0 + -4 - 5) + 19 + -6.
-39
Evaluate -16 + (7 + 7 - (172 - 178)).
4
What is the value of -18 + (19 - -14) + (-11 - 1) + (-5 - 50)?
-52
What is the value of -29 + -3 + (-27 - -51 - (-3 - -19))?
-24
Calculate -17 - (1 - -4) - (-8 + -86 + 58).
14
104 - 97 - -27 - (1 - -2)
31
Calculate -44 - ((6 - (6 + -13)) + 8 + -23).
-42
What is 10 + -4 - (-13 - 27) - (23 - 32)?
55
Calculate (25 - -1 - (64 - 58)) + (6 - 17) - -9.
18
Evaluate -1 - (15 - (11 + 3) - -20).
-22
Evaluate (-9 - (-8 + 8 - 0)) + 53 - 12.
32
0 + 0 + 4 + (-5 - (-3 + -3) - -21)
26
Calculate -116 + 64 + -90 + 122.
-20
What is -51 - (-71 - -59) - -56?
17
Calculate -4320 - -4319 - (-12 - (1 + -1)).
11
Evaluate 130 - ((-94 - -152) + -2 + -31).
105
Calculate (-11 - (-8 - 3) - -12) + 65 + -2.
75
What is 226 + -244 + 1 + -6 + 9 + -1?
-15
Evaluate -28 + 1 - (66 + -62 + 11).
-42
Evaluate 5 + -6 - -17 - 25 - (-77 - 2).
70
(-153 - -146) + -8 + 62 + -11
36
What is -28 + (23 - 13 - -5) + 32?
19
What is the value of 184 + -187 - (-1 - 22) - (-3 + 6 - 2)?
19
What is 67 + 3 - (145 + (44 - 190))?
71
What is the value of 50 + -70 + 43 - 22?
1
(2 - 15) + (9 - 9) - (52 + (-1 - 2))
-62
Calculate -43 - (-32 + 53 + -24).
-40
What is the value of 8 + (52 - 1 - 26)?
33
Calculate (11 - 0) + (-5 - (25 + -9 + -34 + 26)).
-2
What is the value of 26 + (-26 - 5) + -1 + -5 + 58?
47
-4 + -14 + (-11 - -22) + 16 + -3 + 40
46
What is the value of -20 - (-28 + 7 + -11) - 8 - (5 - -48)?
-49
What is the value of (-11 + (-30 - -36) - (11 + 1)) + 3?
-14
-26 - 7 - (-35 - -6)
-4
Evaluate (510 - 539) + 2 + (-5 - (-3 - -2)).
-31
Calculate (28 - (0 + 49)) + (-1 - ((2 - -4) + -3)).
-25
What is the value of 71 + -8 - (1 + 52)?
10
What is 74 + -31 + -50 + 56?
49
Calculate (-4 + 5 - 3) + 1 + (21 - (-68 - -40)).
48
What is (-1 - 3) + (34 + 2 - (-249 + 241))?
40
-4 + (0 + -2 - (38 + (28 - 67))) + 5
0
Calculate 0 - 9 - 1 - (-58 - (108 + -163)).
-7
Evaluate 62 - 42 - 15 - -30.
35
Calculate (-49 - -59) + 10 + 2 + -5 + -1 + -4.
12
-14 - (12 + -5 + (-22 - -11 - -9 - -3))
-22
Evaluate -57 + (-12 - -28) - (8 - (-6 + 10)).
-45
What is the value of 0 + (9 - 10 - 5 - (-61 - -11)) + -1?
43
-2 - (2 - (-2 - 2) - (11 - 3))
0
What is -56 - (7 + (-8 - -9) + (-4 - -11 - 20))?
-51
What is 10 - ((16 - 14) + (-4 - 1) + -45 + 44)?
14
Calculate -138 - (-364 + 129) - -20.
117
Calculate (6 - 1) + 21 + (0 - 3) + (-6 - -10).
27
What is ((1 - (-7 - -23)) + 5 - 15) + 4 + -12?
-33
What is 29 + (10 + -2 + 8 - 12)?
33
Calculate -2 + 5 - (4 + 1) - (22 + -104 + 76).
4
Calculate (-6 - (-5 - (-14 - -1))) + -8 + 46.
24
-10 + -52 + (-5 - -91)
24
What is the value of -3 - -5 - (30 + 11 + (-13 - 1))?
-25
Evaluate 116 - -30 - (-603 + 818).
-69
What is -41 + (88 + (30 - 142) - (0 + -16))?
-49
Evaluate -143 + (-94 + 93 - -68).
-76
What is -31 - (-212 - (-1 + -97))?
83
Evaluate -12 - (6 - 54 - 10) - 10 - 8 - 7.
21
(3 - 4) + 3 - (-24 + (49 - (42 + -21)))
-2
Evaluate 3 + -14 + (23 - 19) - (-72 + 1).
64
Evaluate -12 + (46 - 7) + -8.
19
Evaluate -14 - (10 - (42 + (1 - -16))).
35
Calculate 71 - (77 + (16 - 41)).
19
Evaluate -74 + 67 + (-1 - -39) + 60.
91
((-11 - (-5 + -12)) + -14 - 14) + 6
-16
Calculate 118 + -48 + (11 - -20) + 15.
116
Evaluate -77 - -80 - (-77 + -7).
87
What is (25 - (31 + (2 - -1 - 20))) + -1 + -53?
-43
What is -152 + -51 + (-129 - -348)?
16
Calculate 49 + 24 - (-66 + 141).
-2
Calculate 10 + (4 - -5 - (11 + (0 - -27))).
-19
Calculate -64 + (-23 + 53 - 23).
-57
What is the value of 24 + (-44 + -46 - -32)?
-34
8 - (-83 - -102) - (0 + (-3 - 72))
64
Calculate (-14 + 0 - 7 - -34) + (47 - 2).
58
Calculate (6 - 130) + (2701 - 2530).
47
(-19 - (-25 + 41)) + 46 - ((1 - 0) + -121)
131
Calculate -53 - ((16 - (15 + -8)) + -10).
-52
Calculate -52 + (80 - (155 - 125)).
-2
1 - -114 - (1101 + -1081 - (25 - -4 - -3))
127
Evaluate -4 + -3 + (-29 - (-158 - -45)).
77
What is 114 + -220 + (59 - -10)?
-37
Calculate -50 + 44 + (4 - (-2 - 1)) + (1 - 54).
-52
What is the value of (-9 - (-18 + 20 + -18)) + 5 + (2 - 1)?
13
What is the value of -12 + (13 - (-13 + 89 + -9))?
-66
2 + -3 - -11 - (23 - 24 - (3 + -41))
-27
What is the value of (12 - (27 - 133)) + -35 - (22 - 2)?
63
What is the value of -273 + 193 + 49 + 4?
-27
Evaluate 1 + 49 + -40 + -171 + 134.
-27
Evaluate 49 + -38 + (-8 - (2 + -6) - -16).
23
What is (-23 + -13 + -14 - 27) + (-1 - (-1 + 5))?
-82
Evaluate 9 + -49 + -14 + 32 + -44 + 12.
-54
What is 1 - 8 - (10 - (4 - (12 + (-23 - -3))))?
-5
What is the value of 11 - 30 - ((-11 + 2 - -7) + -9)?
-8
Evaluate (-6 - 0) + (108 + 34 - 122) + 90.
104
Calculate (-37 - (-1 + 0)) + (51 - (24 + 16)).
